 266176339?
True
Is 158251631 a multiple of 14?
False
Is 630122503 a multiple of 1848?
False
Does 771 divide 16692408?
False
Does 11 divide 88987834?
False
Is 2134637990 a multiple of 830?
True
Does 163 divide 140989510?
False
Does 13 divide 161856694?
False
Is 2466 a factor of 102178710?
True
Does 74 divide 777686621?
False
Does 38 divide 1363440?
True
Is 2311470 a multiple of 21?
True
Does 1283 divide 80862917?
False
Does 362 divide 9591693?
False
Does 24 divide 55959668?
False
Is 5 a factor of 4477059?
False
Is 81730122 a multiple of 3642?
True
Is 406068764 a multiple of 8592?
False
Does 99 divide 538236411?
False
Is 2989 a factor of 85241884?
False
Is 174492288 a multiple of 6?
True
Is 231 a factor of 262104629?
False
Does 8 divide 2322616?
True
Is 319599421 a multiple of 190?
False
Does 26 divide 83542134?
True
Does 157 divide 27993414?
True
Does 241 divide 146555401?
False
Is 105107945 a multiple of 3014?
False
Is 86785241 a multiple of 247?
False
Is 174567909 a multiple of 285?
False
Is 4 a factor of 125193420?
True
Is 22213689 a multiple of 12?
False
Is 70977375 a multiple of 25?
True
Is 1216418859 a multiple of 65?
False
Does 75 divide 117132375?
True
Is 505303128 a multiple of 822?
True
Is 32461215 a multiple of 285?
True
Does 155 divide 90891098?
False
Does 11404 divide 2233074260?
True
Is 34312988 a multiple of 974?
False
Does 32 divide 82212448?
True
Does 15 divide 232933582?
False
Is 11148720 a multiple of 4223?
True
Is 484206 even?
True
Is 71812325 a multiple of 7194?
False
Is 1176535596 a multiple of 10462?
True
Does 615 divide 66544845?
True
Does 47 divide 183726196?
True
Does 37 divide 238408057?
True
Does 348 divide 838826418?
False
Does 10 divide 507865106?
False
Is 16034592 even?
True
Does 1092 divide 31920332?
False
Is 226 a factor of 8368554?
True
Is 371 a factor of 1530123833?
True
Is 19 a factor of 149686537?
False
Does 4883 divide 146284914?
True
Does 1194 divide 458841066?
True
Is 51666725 a multiple of 97?
False
Is 135293956 a multiple of 68?
True
Is 61550191 a multiple of 284?
False
Is 40927550 a multiple of 21?
False
Is 310690498 a multiple of 122?
False
Is 10213465 a multiple of 84?
False
Does 2650 divide 2354757041?
False
Is 545 a factor of 1321229330?
True
Is 3467 a factor of 71080434?
True
Is 2143498185 a multiple of 8737?
False
Is 4023 a factor of 146280303?
True
Is 1008512136 a multiple of 5290?
False
Is 54008839 a multiple of 1329?
False
Does 568 divide 2686353160?
True
Does 226 divide 12819850?
True
Does 37 divide 21407201?
True
Is 1191 a factor of 327325672?
False
Does 43 divide 249846684?
True
Does 8 divide 1050861592?
True
Does 30 divide 300509241?
False
Does 385 divide 1412569823?
False
Is 671277146 a multiple of 363?
False
Is 8 a factor of 604459614?
False
Does 168 divide 17709013?
False
Is 851943444 a multiple of 2959?
True
Is 27 a factor of 48216060?
True
Is 954 a factor of 943087194?
True
Is 12237339 even?
False
Does 644 divide 413355908?
True
Is 9 a factor of 7172222?
False
Does 5451 divide 968273264?
False
Is 819779209 a multiple of 7?
False
Does 176 divide 11161216?
True
Is 6179814 a multiple of 37?
True
Does 101 divide 73292973?
True
Is 3725729 a multiple of 45?
False
Does 21 divide 11420178?
True
Is 508835086 a multiple of 19?
True
Is 139649505 a multiple of 745?
True
Is 632609028 a multiple of 8?
False
Is 11 a factor of 17182616?
True
Does 15 divide 556442835?
True
Is 22 a factor of 530618189?
False
Does 783 divide 1383493662?
True
Does 45 divide 451404315?
True
Does 58 divide 107475635?
False
Does 7 divide 40692001?
True
Is 421135764 a multiple of 6875?
False
Is 1952512 a multiple of 8?
True
Does 66 divide 121516428?
True
Is 1152746608 a multiple of 3536?
True
Is 27145649 a multiple of 12?
False
Is 70920052 a multiple of 7?
True
Is 149906920 a multiple of 40?
True
Does 54 divide 1289754090?
True
Is 2809438 a multiple of 14?
False
Is 3013 a factor of 17740077?
False
Is 37960065 a multiple of 255?
True
Is 3 a factor of 266304853?
False
Does 34 divide 1009057848?
True
Does 66 divide 29684358?
True
Is 397860429 a multiple of 127?
False
Is 13 a factor of 496309294?
True
Is 6 a factor of 25497078?
True
Is 299 a factor of 74648146?
False
Is 13 a factor of 3472727583?
True
Does 105 divide 3211334070?
True
Is 201673811 a multiple of 69?
False
Is 800725417 a multiple of 277?
False
Is 809607652 a multiple of 18?
False
Is 148 a factor of 20250562?
False
Is 1939 a factor of 668955?
True
Is 2 a factor of 39200843?
False
Is 1807189676 a multiple of 454?
True
Does 78 divide 240947136?
False
Does 6 divide 590184532?
False
Is 7135642 a multiple of 239?
False
Does 16 divide 863914742?
False
Is 755318504 a multiple of 5128?
True
Does 14 divide 26502154?
True
Is 3189 a factor of 1060619943?
True
Does 21 divide 435190812?
True
Is 299 a factor of 879887632?
True
Is 124471576 a multiple of 347?
False
Does 16361 divide 2264227667?
False
Is 58 a factor of 303512028?
True
Does 8 divide 1114438224?
True
Is 28898576 a multiple of 56?
True
Does 14 divide 4348764?
True
Does 552 divide 1281266440?
False
Is 745 a factor of 211573550?
False
Is 5757 a factor of 91898991?
True
Is 127881414 a multiple of 281?
True
Does 18 divide 79651711?
False
Is 13511705 a multiple of 119?
False
Is 125 a factor of 692907375?
True
Does 137 divide 84826605?
False
Is 32467093 a multiple of 727?
True
Does 24 divide 41598885?
False
Does 459 divide 1689504183?
True
Is 66 a factor of 2278485?
False
Is 769904227 a multiple of 47?
True
Is 170 a factor of 60417320?
True
Is 141 a factor of 4457856?
True
Is 1778 a factor of 240720712?
False
Is 2 a factor of 4197249?
False
Is 39999729 a multiple of 2233?
True
Is 78393760 a multiple of 258?
False
Is 37 a factor of 16713233?
True
Is 2616 a factor of 66653460?
False
Is 20 a factor of 631930519?
False
Is 158923560 a multiple of 10?
True
Is 153872174 a multiple of 271?
True
Does 113 divide 16284882?
True
Is 3180428979 a multiple of 7113?
False
Does 18 divide 325540152?
True
Does 36 divide 2640132?
True
Does 2212 divide 4880242696?
True
Does 474 divide 774177090?
True
Is 10 a factor of 41577470?
True
Is 30 a factor of 79303736?
False
Is 52 a factor of 221255386?
False
Does 161 divide 181091834?
True
Is 105 a factor of 259056105?
True
Is 3881902404 a multiple of 118?
True
Is 51 a factor of 860687730?
True
Is 508877970 a multiple of 4?
False
Does 4 divide 3582940?
True
Is 448 a factor of 10082806?
False
Does 314 divide 36775994?
True
Is 297606655 a multiple of 1603?
False
Does 1301 divide 3508623967?
True
Is 20 a factor of 37828510?
False
Is 10 a factor of 12726650?
True
Is 232635085 a multiple of 8?
False
Is 2425012 a multiple of 4?
True
Is 85 a factor of 8461348?
False
Is 17 a factor of 210650767?
False
Is 215 a factor of 1640966430?
True
Is 3720587 a multiple of 15?
False
Is 134976385 a multiple of 131?
False
Does 17 divide 12556711?
False
Is 127928448 a multiple of 48?
True
Is 516568560 a multiple of 72?
False
Is 64 a factor of 1234989120?
True
Is 20711380 a multiple of 31?
False
Is 2364920 a multiple of 4?
True
Does 1719 divide 77423760?
True
Does 31 divide 687581?
False
Does 314 divide 2546854?
True
Does 1719 divide 69717483?
True
Is 168279683 a multiple of 13?
True
Is 29 a factor of 5882795?
True
Is 235715454 a multiple of 5382?
True
Is 15486527 a multiple of 36?
False
Is 6 a factor of 193096926?
True
Is 741 a factor of 53233440?
True
Does 24 divide 3871559109?
False
Is 286753692 a multiple of 2797?
False
Does 61 divide 30048356?
True
Does 1826 divide 209576750?
False
Does 11 divide 122586299?
True
Is 541 a factor of 28344533?
False
Does 5 divide 36428743?
False
Does 14 divide 3582384865?
False
Is 72 a factor of 183932517?
False
Is 621 a factor of 4168152?
True
Does 208 divide 65105248?
True
Does 26 divide 43409626?
True
Does 1376 divide 2091565408?
True
Is 56 a factor of 356928600?
True
Is 13 a factor of 429521703?
True
Is 15 a factor of 248565405?
True
Does 320 divide 21401616?
False
Does 276 divide 33882588?
True
Is 34 a factor of 3042975488?
False
Is 140 a factor of 1026931220?
True
Is 490 a factor of 911104040?
True
Is 224 a factor of 633308110?
False
Is 1337573979 a multiple of 567?
True
Is 789 a factor of 2096391936?
True
Is 22164105 a multiple of 392?
False
Is 699 a factor of 469165305?
True
D